ue of (0 + -9 - (58 - (59 + 0))) + 8 + -111?
-111
Calculate (2 - (6 - 4)) + -6 + 20 - -7.
21
(-3 + (25 - 1) - (-562 - -572)) + 11
22
Evaluate 41 - -4 - 75 - (-89 + -1).
60
What is -1 + 3 + -24 + 39 + (-27 - -4)?
-6
Evaluate -2 + (70 + -131 - -11).
-52
Evaluate 7 + -25 + (4 + -4 - 9).
-27
Calculate -38 + 45 + 2 - (9 + -2) - -16.
18
What is 4 - ((-3 - 2 - 2) + -209 + 157)?
63
What is 100 + (-34 - ((-33 - 23) + 34))?
88
What is -7 - (0 + 3 + -14 + 16 - 59)?
47
Evaluate (1 - -50 - -4) + -2897 + 2868.
26
What is the value of 7 + 1 + (-10 - 5) + -71 + 46 - 7?
-39
What is -27 + (52 - 79) + 54?
0
What is (26 - 5 - -118) + -75?
64
What is the value of 20 - (77 + -47) - -1?
-9
Calculate -114 - (-163 + 60) - (-35 + -3).
27
Evaluate (40 + 1 - 10) + 4.
35
What is 13 + -86 + 19 + 1 + (3 + -9 - -9)?
-50
What is the value of 4 - (7 + -15) - (21 - -1) - 3 - -109?
96
Evaluate -4 - 32 - (169 + -87 - 58).
-60
6 - (9 - 11) - (-210 + 209)
9
Evaluate 5 - 10 - (-113 + 113 + -49 + 2).
42
Calculate (-26 + (-7 - -4) - 10) + -15.
-54
What is the value of 16 - 43 - (-8 + -7) - -49?
37
What is (7 + 0 - 106) + 51?
-48
Evaluate (21 - (-2 - (-5 + 2 - 6))) + (78 - 104).
-12
What is 0 + -2 + -23 - (6114 + -6180)?
41
-65 - (-159 - -102 - 16)
8
What is 130 + 15 + (-57 - 52)?
36
What is the value of 33 - 20 - 19 - (145 + -24 + (0 - 4))?
-123
Evaluate -28 - (-22 - (98 + -47)).
45
-10 + 53 + -50 + -30
-37
(6 + (11 - 14) - 9) + (97 - -28)
119
Calculate 9 - (-1 + (2 - 41)).
49
What is (-31 - -41) + (42 + 9 - -6)?
67
What is the value of 80 + -12 + (-148 - -41)?
-39
What is the value of -113 - (-80 - 31 - 12)?
10
What is the value of -46 - 12 - -14 - (1 - 10) - 12?
-47
11 - (-36 + 0 + 64)
-17
What is the value of 99 - (78 - (31 + 5))?
57
What is (6 - 21 - 82) + 125?
28
Evaluate -1 - (-20 - (10 - 21 - -15)).
23
Evaluate -21 + -21 + (-77 - -128).
9
-2 + (7 + 9 - -21 - 14)
21
Calculate 16 - (-21 - -36) - -3 - (0 + 3 - 4).
5
Evaluate -163 - -237 - (133 - -1).
-60
What is the value of 3 + (-2 - (5 - 6) - 10) - -6?
-2
What is the value of 21 + (85 + -38 - 60)?
8
Evaluate 25 + (-7 - (9 - 9)) + 0 + 7.
25
What is -8 + -1 + 36 + (-29 - -5 - 9)?
-6
Calculate (8 - -4) + -16 + 12 + -21 - -21.
8
2 - 6 - (-205 + 246)
-45
28 + (284 - 297) + 0 + -3
12
What is the value of 15 + (-19 - (41 - 17 - 15))?
-13
22 + (-42 - -18) + -27 + 0 + 1
-28
Calculate (1 - -1 - 13) + -75 + 84 + 25.
23
Calculate 6 - (-10 + 5 + 37) - (3 + 8).
-37
What is the value of -3 - (25 + (-64 - -14) + 12)?
10
Calculate (-4 + 6 - 84) + 85 + (-91 - -27).
-61
18 + -7 + (-11 - (-7 + -14))
21
Calculate -61 + 57 - (7 - 29 - (3 + 2)).
23
(90 - 4 - 72) + (1 - -6)
21
What is the value of 1 - ((2 - (-22 - -6)) + -2) - 52?
-67
-77 + 64 + (44 - 20)
11
1 + 3 + 10 + -17 + 25
22
Evaluate (26 + -18 - (14 + 0) - -11) + -17.
-12
Calculate -15 - (-223 - -247 - (-1 + 12)).
-28
32 - (0 + -116 - (13 + -34))
127
Evaluate (18115 - 17984) + (-20 - (2 - 1)).
110
-2 + -11 + -1 + -3 + 36 - -8
27
Evaluate -37 - (28 - (59 - 32)).
-38
358 - 320 - (1 + 2 + 10)
25
Calculate -7 - (-19 + 6 + (2 - 3)) - 2.
5
Calculate (-12 - (8 - 6)) + (18 + 2 - 33).
-27
Calculate 19 + 1 + (-15 - -12) - (-133 - -137).
13
What is -136 - -105 - (-82 - -13)?
38
Evaluate 7 - (-28 + 12) - ((2 - -3 - 8) + 9).
17
What is the value of -118 - (-1 - 2 - (-154 + 194))?
-75
Calculate (-2 - (1 - 0)) + (-669 - -537) + (-1 - -3).
-133
Calculate 0 + 0 + -48 + -10.
-58
What is 4 + -14 + -17 + -1 + -3 + 5 - 1?
-27
Evaluate -6 - (-36 + 47) - -4.
-13
Evaluate (-25 - (18 + -26)) + 10 + 2.
-5
What is -14 + (-17 - -1 - -20) - (3 + -77)?
64
What is the value of (-19 - -4) + 2 + (-6 - -17 - -1)?
-1
What is the value of 7 + (2 - 4) + -7 + (25 - (20 + -9))?
12
Evaluate -27 - (24 + (-6 - -4) + -18).
-31
What is the value of (-17 + 18 + 0 - -1) + (-16 - 0)?
-14
Calculate 24 + ((-4 - 5 - -1) + -10 - -8) + 0.
14
What is the value of -12 + (-22 - (-41 + 53))?
-46
43 - (17 + 61) - (-3 - -35)
-67
Calculate (41 - -5) + -60 + -37.
-51
What is the value of 4 - ((-10 - (17 - 23)) + (0 - -9) - -4)?
-5
(5 + -12 - 33) + (-16 - (5 + -6))
-55
What is -3 + (3 - 5) + (5 + 7 + 33 - -1)?
41
Calculate -29 - 0 - (-46 + (-70 - -110)).
-23
What is (9 + 2 - -71) + (-10 - 1)?
71
What is -8 + (-14 - -3 - (2 + 8))?
-29
Evaluate (33 - -1) + (32 - (2 + 69)) + 36.
31
Calculate (33 - -34) + 14 - 38.
43
What is (-206 + 39 - -82) + 0?
-85
What is the value of 42 + (88 - 163 - -84)?
51
Calculate 6 - -60 - (-22 - (-23 - -17)).
82
Calculate 20 - (-10 - (-33 - (16 + -9 - 19))).
9
What is the value of 76 + (75 + -68 - 64)?
19
Calculate (47 - 33) + 10 - (29 + 0).
-5
What is (26 - 3 - (136 - 126)) + -11?
2
What is the value of 4 - 40 - (4 + (-53 - -45))?
-32
What is the value of 92 - 101 - -9 - (-108 - (0 + -4 - -7))?
111
30 - ((-496 - -518) + 49 + 1)
-42
(-490 - -453) + (22 - 51)
-66
Evaluate -11 + (-14 - (11 - (-4 - 1 - -19))).
-22
(-3 - -4 - 16) + -2 - (11 + -5 + -8)
-15
Evaluate (-512 - -369) + -5 + 24.
-124
Calculate (68 - 118 - 96) + 82.
-64
Calculate 19 + -81 + 2 + 34.
-26
Evaluate 31 - ((-35 + 20 - -34) + -85).
97
(8 + 10 + -21 - 67 - -10) + -13
-73
What is the value of 82 - (5 + -12 - (-6 + -33))?
50
Evaluate 36 - (-5 + -11 + (21 - 6) - -16).
21
What is 10 - ((1 - (14 - 12)) + 16)?
-5
(-1 - (-11 + 5)) + 5 + (176 - 185)
1
Calculate (97 - -5 - 25) + -74.
3
What is the value of -134 + 338 + -119 + -83?
2
What is the value of (-1 - 54) + 209 + -62 + -179?
-87
What is 80 - 25 - 85 - -77?
47
What is (-3 - -17) + (-212 - -195)?
-3
What is 235 + (-138 - (-131 - -125))?
103
Calculate 37 - (43 - (31 - 45)).
-20
Evaluate 1 - 3 - (16 - 16) - (-8 + (5 - 50)).
51
Evaluate 70 + -1 - (173 + -153).
49
What is the value of -796 + 800 + 9 + (1 - 0)?
14
Calculate 10 + -10 + 4 + (-2 - 7 - -12).
7
64 + (-91 - -28) - (85 - -2)
-86
What is the value of 9 + -6 + 1 - ((-15 - 4) + 32) - 20?
-29
Evaluate 7 - (-20 + (15 - 22)) - (5 - (3 - -9)).
41
What is -9 + 13 + -2 + -3 + -7 - (-1 - 31)?
24
What is 56 - (143 + -21 + -5)?
-61
What is -44 - -3 - (-1085 + 1035)?
9
Calculate -1 + 2 + -1 - (0 + (-61 - -36 - -28)).
-3
What is the value of -4 + (1552 - 1517 - (1 + 147))?
-117
What is the value of -10132 + 10218 - (2 + -17 - -3)?
98
-7 + (-27 - (-35 + 9) - (-2 - 10))
4
What is the value of -2 + -9 + (-34 - (-56 + 31)) + (-2 - -7)?
-15
(511 + -606 - (1 - 7)) + (7 - 0)
-82
Evaluate 84 - (-94 - (27 - 131)).
74
What is the value of (-22 - -14) + 5 + -7 + 14 + -7 + 5?
2
(-308 - -317 - ((-2 - 0) + 14 + -2)) + 2
1
Calculate (-289 - -284) + (1 + 3 - 17).
-18
What is 62 + -100 + 40 + (-99 - -1 - (0 - 2))?
-94
What is 55 + -48 + -3 + 24?
28
What is the value of -1 + 97 + 1 + (-35 - (29 + -121) - 57)?
97
Calculate 21 + 25 + (-78 + 12 - -2).
-18
Evaluate (33 + 24 - 19) + 3.
41
Calculate -86 - 71 - (-18 + -24 + 3).
-118
Evaluate -168 + 133 - 21 - (1 - 2).
-55
11 + -6 + -8 - (1 + -5) - (34 - 86)
53
-4410 + 4372 + -1 + 7
-32
22 + (18 - 22) - -10
28
1 + (-3 - 5) + (32 - 2)
23
Evaluate -19 + 14 + 25 + -38 + 17.
-1
Evaluate (8 - -37) + (-1 + -1 - (33 + -30)).
40
Evaluate -5 + 25 + -32 - -111 - (11 - 5).
93
Calculate 25 - (-5 - (-8 + 3 + -3)) - (74 - 71).
19
0 + -14 + (107 + -38 - 101)
-46
Evaluate 154 + -84 + -65 - -39.
44
-9 + 35 + -149 + 103
-20
What is (1 - -7) + -2 + 24 + -85 + 16?
-39
Evaluate 23 - (15 - 8 - (24 + -76)).
-36
Calculate (-2 - -6 - (152 - 63)) + (-7 - -4).
-88
3 - 0 - (-742 - -833)
-88
What is the value of 34 + -52 - 31 - -8?
-41
Evaluate (18 - 9 - 5) + (18 - 28) + 11.
5
What is the value of (72 - -1) + (62 - 48) + 52 + -64?
75
Evaluate -34 + -51 + 43 - (1 - (-6 - -9)).
-40
Evaluate -30 + -58 + (29 - -20).
-39
1 + -49 - (3383 + -3535)
104
(-9 - -32 - 10) + (21 - (20 + -8))
22
What is the value of 40 - (5 - (14 + 3 + -17 + 20))?
55
What is the value of 16 + 3 + -2 + 3 - (115 + -75 + -50)?
30
Evaluate 91 - (-1 + 10 - (-288 + 323)).
117
(11 + 3 - 0 - 15 - -9) + (3 - 1)
10
Evaluate -8 - -1 - (-31 - (-20 + -3) - 61).
62
Calculate -53 + 10 + 25 + 1 + 2.
-15
(88 - 62) + 67 - (-1 - -5)
89
What is the value of 17 + -1 - ((-23 - -69 - 23) + -23)?
16
What is 6 + 8 - -32 - (-12 - (-13 - -8 - 5))?
48
What is the value of 43 - (-3 + 5 + 1 + 9) - -10?
41
Calculate -18 + (44 - (29 + -44)).
41
(-18 - (-5 - (0 - -6))) + 15 - -22
30
Evaluate 11 + 1 + -68 + 36 + 41.
21
(-8 - (-21 + -18 + 50